00
In base 16, what is 557de0e + -2?
557de0c
In base 13, what is -2260 + 15236?
12ca6
In base 8, what is -15016067 - -11?
-15016056
In base 9, what is 4 - -34087873?
34087877
In base 9, what is -3 - -35818382?
35818378
In base 2, what is 101111100101011100 + 1011111?
101111100110111011
In base 13, what is -2c5 + 53320?
53028
In base 2, what is -110000011101 + 10110000000?
-11010011101
In base 2, what is 101010000100110 + -101100100?
101001011000010
In base 9, what is -76360483 - 4?
-76360487
In base 15, what is 8d - 22bdd2?
-22bd44
In base 3, what is 1 - -2000012221011?
2000012221012
In base 6, what is 2004 - 12040?
-10032
In base 13, what is -166 - -753a3?
7523a
In base 3, what is 122222100010 + -21121?
122222001112
In base 15, what is 308d + -387?
2c06
In base 9, what is 11511 - 45425?
-33814
In base 7, what is 6146010355 - 2?
6146010353
In base 5, what is 311141030114 - -1?
311141030120
In base 2, what is -11 - 10000000000010000110101110010?
-10000000000010000110101110101
In base 3, what is -20010220 + -1121210021?
-1211221011
In base 14, what is -5a - -2b515?
2b499
In base 7, what is 6004166601 + -4?
6004166564
In base 6, what is -2004 + -345305?
-351313
In base 11, what is 136 + -1566179?
-1566043
In base 13, what is 0 + -33c5c2?
-33c5c2
In base 8, what is 30112 - 21711?
6201
In base 12, what is 241864 + -20a?
241656
In base 3, what is -10022012220 - 1120?
-10022021110
In base 7, what is 0 - 111635156?
-111635156
In base 8, what is 7046 - -54354?
63422
In base 4, what is -31201 - -10212?
-20323
In base 4, what is 13023210012 - -12?
13023210030
In base 2, what is 10101011 + -101101101101101?
-101101011000010
In base 5, what is -1301402 + 30?
-1301322
In base 15, what is -14a48 + -1ac?
-14c05
In base 3, what is 1112 + -121120111020?
-121120102201
In base 11, what is -6013597 - 4?
-60135a0
In base 16, what is 1945 + 2e89?
47ce
In base 14, what is 79028bc - 5?
79028b7
In base 13, what is 5237 + -76a?
479a
In base 10, what is 4 - 5140660?
-5140656
In base 5, what is -12412013 + 24?
-12411434
In base 10, what is -136567 - -48?
-136519
In base 13, what is 1102 - 1895?
-793
In base 11, what is 1391 + 43483?
44864
In base 14, what is 32424dc + -4?
32424d8
In base 16, what is -7570 - -1372?
-61fe
In base 10, what is -114806 + -116?
-114922
In base 12, what is 5b8a - -b6a?
6b38
In base 7, what is 214 + 3045450?
3045664
In base 3, what is 212 - 1100002212222000?
-1100002212221011
In base 16, what is -32aa22 - 5?
-32aa27
In base 15, what is -4cc + 4b10?
4633
In base 9, what is -3 - -7057454?
7057451
In base 10, what is -1 - -22374728?
22374727
In base 14, what is -2b86c - 74?
-2b902
In base 4, what is 3 + -2131332210131?
-2131332210122
In base 11, what is 20a + -33187?
-32a78
In base 12, what is -2202a81 + 62?
-2202a1b
In base 7, what is -12400 - -401253?
355553
In base 12, what is 73a5634 + 6?
73a563a
In base 6, what is 12551315 + -1431?
12545444
In base 3, what is -21011011121 - 0?
-21011011121
In base 11, what is -a - 69671?
-69680
In base 12, what is 21 - -651558?
651579
In base 8, what is 2251 - 123566?
-121315
In base 8, what is 12443 - 7526?
2715
In base 13, what is -76 - 2556?
-25cc
In base 4, what is -2201232 - 33312?
-2301210
In base 3, what is -1 - -110222002020?
110222002012
In base 14, what is -150b30 + -3c1?
-151111
In base 3, what is -211012 + 121121111?
120210022
In base 2, what is -11000001100000000 - -101011101000?
-10111100000011000
In base 3, what is 12 + -10122201222121?
-10122201222102
In base 7, what is -332340 - 1612?
-334252
In base 15, what is -3 - 818655?
-818658
In base 9, what is 30858 - 1473?
28375
In base 16, what is -19 + -f815e?
-f8177
In base 14, what is -d909b - -88?
-d9013
In base 6, what is 3003 + 1254323?
1301330
In base 7, what is 5 + 164640315?
164640323
In base 16, what is 5 + -11a8f482?
-11a8f47d
In base 2, what is 1001111010111011001010100010 + -11?
1001111010111011001010011111
In base 9, what is -3880664 - -50?
-3880614
In base 14, what is -16ca8b + -7?
-16ca94
In base 16, what is -1a0 + 4b551?
4b3b1
In base 15, what is 58a + -232?
358
In base 12, what is 268 - -84785?
84a31
In base 9, what is 6 + -33561?
-33554
In base 15, what is 119147 - -3d?
119185
In base 5, what is -1202334001 + -4?
-1202334010
In base 7, what is -251 - 1431002?
-1431253
In base 14, what is -2969b - 95?
-29752
In base 16, what is -28eb91 - 1a?
-28ebab
In base 14, what is 3a1a - 14?
3a06
In base 3, what is 102020202121 + 20210?
102021000101
In base 12, what is 25845656 + -4?
25845652
In base 14, what is 1a58d7 - -d?
1a5906
In base 5, what is 32422 + -4101100?
-4013123
In base 3, what is -22211201120 + -2210?
-22211211100
In base 9, what is -78657880 + -6?
-78657886
In base 9, what is -2 - -6562421?
6562418
In base 16, what is -1 - -553c6fa?
553c6f9
In base 6, what is -325 + 130254?
125525
In base 2, what is 1011001110110000010000010011 + -1?
1011001110110000010000010010
In base 12, what is -27 - 45a4a?
-45a75
In base 8, what is 14 + 377451?
377465
In base 16, what is 803 - -1bfc2?
1c7c5
In base 2, what is -1100111110 - 101000111111?
-110101111101
In base 16, what is -4 - 36391f?
-363923
In base 7, what is -10022530 + 3?
-10022524
In base 11, what is -8 + -51688?
-51695
In base 8, what is 67 - -753367?
753456
In base 14, what is 26 - 16d70?
-16d48
In base 2, what is -100 - -100001001110110101010000?
100001001110110101001100
In base 10, what is 20845 - 200?
20645
In base 3, what is -11200000010021 + -10?
-11200000010101
In base 8, what is -3 + -320522730?
-320522733
In base 4, what is -11003131000 - 1?
-11003131001
In base 15, what is 6e62 - 5a5?
68ac
In base 12, what is 12 + 22568076?
22568088
In base 12, what is a + 95b5a0?
95b5aa
In base 7, what is 160566622 - -2?
160566624
In base 10, what is 845 - -6166?
7011
In base 6, what is 33500003 - 52?
33455511
In base 9, what is 2130554 - -544?
2131208
In base 16, what is -428 - -21fc6?
21b9e
In base 9, what is 7224 - -36277?
44512
In base 2, what is 11 - 1011101111100100100111?
-1011101111100100100100
In base 14, what is 3b6d12 + 10?
3b6d22
In base 12, what is 2 + a40741?
a40743
In base 13, what is -a9b269 - 37?
-a9b2a3
In base 3, what is -202200 + 1200000202?
1122021002
In base 13, what is -77a - 7?
-784
In base 2, what is -1100 + -111100010001111011?
-111100010010000111
In base 3, what is -2 + 10011021110110?
10011021110101
In base 11, what is -5484501 - -5?
-54844a7
In base 15, what is 5 + -2048eca?
-2048ec5
In base 14, what is 2 - b0a827?
-b0a825
In base 9, what is -2515 + -6427?
-10043
In base 7, what is 534522 - -1555?
536410
In base 2, what is -1000001010 + -1011001111101?
-1100010000111
In base 10, what is -277526 - -20?
-277506
In base 15, what is 2335 - 446b3?
-4237d
In base 2, what is 10010111000100101110 - -10101001?
10010111000111010111
In base 4, what is 1031213310 + -1003?
1031212301
In base 12, what is -25293 - 111?
-253a4
In base 2, what is -101111001011 + -1101110001001?
-10011101010100
In base 10, what is 1584747 - 45?
1584702
In base 9, what is 2 + -167002357?
-167002355
In base 4, what is -1120001322300 + 1?
-1120001322233
In base 14, what is -1b55946 + 13?
-1b55933
In base 14, what is 994 + 17a833?
17b3c7
In base 10, what is -612 - -2053?
1441
In base 11, what is 268564774 - 0?
268564774
In base 3, what is 2 + -122002002122201?
-122002002122122
In base 10, what is -5 + 39515371?
39515366
In base 11, what is -6 - 22105958?
-22105963
In base 7, what is -10 - -40146022?
40146012
In base 15, what is d - 1b4e35e?
-1b4e351
In base 4, what is 10 - 11213321?
-11213311
In base 14, what is 3639b7 + -2d?
363988
In base 5, what is 1004204 - 1322?
1002332
In base 4, what is -1 + -111322011032101?
-111322011032102
In base 6, what is 0 - 201125543?
-201125543
In base 9, what is -2232 - 1844?
-4176
In base 6, what is 42344 + 2050?
44434
In base 13, what is -7acc6 + -36?
-7b02c
In base 4, what is -101102010202232 + 0?
-101102010202232
In base 13, what is -1 + 266a38c?
266a38b
In base 6, what is -10145434014 - 2?
-10145434020
In base 3, what is 10112002 + -100110212122?
-100100100120
In base 16, what is -237c2c - 1?
-237c2d
In base 5, what is 10104021433343 - 4?
10104021433334
In base 3, what is -212222 - -20010121021?
20002201022
In base 16, what is -274 - -6f0?
47c
In base 15, wha